{"id":170,"date":"2020-02-27T15:55:00","date_gmt":"2020-02-27T14:55:00","guid":{"rendered":"http:\/\/ornamentasacra.kikirpa.be\/?page_id=170"},"modified":"2021-10-14T17:28:33","modified_gmt":"2021-10-14T16:28:33","slug":"lorfevrerie-liturgique","status":"publish","type":"page","link":"https:\/\/ornamentasacra.kikirpa.be\/?page_id=170&lang=fr","title":{"rendered":"L&rsquo;orf\u00e8vrerie liturgique"},"content":{"rendered":"\n<div class=\"wp-block-media-text alignwide\" style=\"grid-template-columns:25% auto\"><figure class=\"wp-block-media-text__media\"><img loading=\"lazy\" decoding=\"async\" width=\"1000\" height=\"1000\" src=\"http:\/\/ornamentasacra.kikirpa.be\/wp-content\/uploads\/2020\/02\/Calice-et-pat\u00e8ne-de-Roll\u00e9-1563-kikirpa-x134645-wp.jpg\" alt=\"\" class=\"wp-image-148 size-full\"\/><\/figure><div class=\"wp-block-media-text__content\">\n<p class=\"has-medium-font-size\"><strong>Le calice et la pat\u00e8ne<\/strong><\/p>\n\n\n\n<p class=\"has-normal-font-size\"> Vase sacr\u00e9 en m\u00e9tal pr\u00e9cieux, compos\u00e9 d\u2019une coupe en or ou en argent dor\u00e9, d\u2019une tige souvent munie d\u2019un n\u0153ud en son centre, dans lequel le c\u00e9l\u00e9brant consacre le vin au cours de l\u2019Eucharistie. Il forme souvent un ensemble avec la pat\u00e8ne, un plat peu profond en m\u00e9tal pr\u00e9cieux sur lequel on d\u00e9pose l&rsquo;hostie pendant la messe. <\/p>\n\n\n\n<div class=\"wp-block-button\"><a class=\"wp-block-button__link has-background\" href=\"http:\/\/ornamentasacra.kikirpa.be\/index.php\/fr\/le-calice-et-la-patene\/\" style=\"background-color:#deb543\">En savoir plus&#8230;<\/a><\/div>\n\n\n\n<div style=\"height:100px\" aria-hidden=\"true\" class=\"wp-block-spacer\"><\/div>\n\n\n\n<p style=\"font-size:11px\"><\/p>\n<\/div><\/div>\n\n\n\n<div style=\"height:100px\" aria-hidden=\"true\" class=\"wp-block-spacer\"><\/div>\n\n\n\n<div class=\"wp-block-media-text alignwide\" style=\"grid-template-columns:25% auto\"><figure class=\"wp-block-media-text__media\"><img loading=\"lazy\" decoding=\"async\" width=\"416\" height=\"850\" src=\"http:\/\/ornamentasacra.kikirpa.be\/wp-content\/uploads\/2020\/03\/KN008430.jpg\" alt=\"\" class=\"wp-image-570 size-full\"\/><\/figure><div class=\"wp-block-media-text__content\">\n<p class=\"has-medium-font-size\"><strong>Ciboires et custodes<\/strong><\/p>\n\n\n\n<p class=\"has-normal-font-size\">  Vase sacr\u00e9 en m\u00e9tal pr\u00e9cieux en forme de coupe munie d\u2019un couvercle, g\u00e9n\u00e9ralement fix\u00e9e sur un pied et une tige&nbsp;; il est destin\u00e9 \u00e0 recevoir et \u00e0 conserver les hosties consacr\u00e9es, en vue de leur distribution aux fid\u00e8les. <\/p>\n\n\n\n<div class=\"wp-block-button\"><a class=\"wp-block-button__link has-background\" href=\"http:\/\/ornamentasacra.kikirpa.be\/index.php\/fr\/ciboires-et-pyxides\/\" style=\"background-color:#deb543\">En savoir plus&#8230;<\/a><\/div>\n\n\n\n<div style=\"height:100px\" aria-hidden=\"true\" class=\"wp-block-spacer\"><\/div>\n\n\n\n<p style=\"font-size:11px\"><\/p>\n<\/div><\/div>\n\n\n\n<div style=\"height:100px\" aria-hidden=\"true\" class=\"wp-block-spacer\"><\/div>\n\n\n\n<div class=\"wp-block-media-text alignwide\" style=\"grid-template-columns:26% auto\"><figure class=\"wp-block-media-text__media\"><img loading=\"lazy\" decoding=\"async\" width=\"567\" height=\"850\" src=\"http:\/\/ornamentasacra.kikirpa.be\/wp-content\/uploads\/2021\/10\/X042920.jpg\" alt=\"\" class=\"wp-image-1760 size-full\"\/><\/figure><div class=\"wp-block-media-text__content\">\n<p class=\"has-medium-font-size\"><strong>L&rsquo;ostensoir<\/strong><\/p>\n\n\n\n<p class=\"has-normal-font-size\">  Pi\u00e8ce d&rsquo;orf\u00e8vrerie mont\u00e9e sur un pied destin\u00e9e \u00e0 exposer l&rsquo;hostie consacr\u00e9e \u2013 le Saint Sacrement \u2013 \u00e0 l&rsquo;adoration des fid\u00e8les. L\u2019hostie est rendue visible \u00e0 travers un contenant muni de vitres \u00e0 l\u2019int\u00e9rieur duquel on place une lunule \u2013 ou croissant eucharistique \u2013 destin\u00e9 \u00e0 recevoir l\u2019hostie. <\/p>\n\n\n\n<div class=\"wp-block-button\"><a class=\"wp-block-button__link has-background\" href=\"http:\/\/ornamentasacra.kikirpa.be\/index.php\/fr\/lostensoir\/\" style=\"background-color:#deb543\">En savoir plus&#8230;<\/a><\/div>\n\n\n\n<div style=\"height:100px\" aria-hidden=\"true\" class=\"wp-block-spacer\"><\/div>\n\n\n\n<p style=\"font-size:11px\"><\/p>\n<\/div><\/div>\n\n\n\n<div style=\"height:100px\" aria-hidden=\"true\" class=\"wp-block-spacer\"><\/div>\n\n\n\n<div class=\"wp-block-media-text alignwide\" style=\"grid-template-columns:27% auto\"><figure class=\"wp-block-media-text__media\"><img loading=\"lazy\" decoding=\"async\" width=\"566\" height=\"850\" src=\"http:\/\/ornamentasacra.kikirpa.be\/wp-content\/uploads\/2021\/10\/X003495.jpg\" alt=\"\" class=\"wp-image-1761 size-full\"\/><\/figure><div class=\"wp-block-media-text__content\">\n<p class=\"has-medium-font-size\"><strong>Les luminaires<\/strong><\/p>\n\n\n\n<p class=\"has-normal-font-size\">  <\/p>\n\n\n\n<div class=\"wp-block-button\"><a class=\"wp-block-button__link has-background\" href=\"http:\/\/ornamentasacra.kikirpa.be\/index.php\/fr\/les-luminaires-2\/\" style=\"background-color:#deb543\">En savoir plus&#8230;<\/a><\/div>\n\n\n\n<div style=\"height:100px\" aria-hidden=\"true\" class=\"wp-block-spacer\"><\/div>\n\n\n\n<p style=\"font-size:11px\">Ciboire (17e si\u00e8cle), Saint-Trond, Museum Vlaamse Minderbroeders  <br>[\u00a9 IRPA, Bruxelles,<strong>&nbsp;<\/strong>clich\u00e9  KN008430 ] <\/p>\n<\/div><\/div>\n","protected":false},"excerpt":{"rendered":"","protected":false},"author":1,"featured_media":0,"parent":0,"menu_order":0,"comment_status":"closed","ping_status":"closed","template":"","meta":{"footnotes":""},"class_list":["post-170","page","type-page","status-publish","hentry"],"_links":{"self":[{"href":"https:\/\/ornamentasacra.kikirpa.be\/index.php?rest_route=\/wp\/v2\/pages\/170","targetHints":{"allow":["GET"]}}],"collection":[{"href":"https:\/\/ornamentasacra.kikirpa.be\/index.php?rest_route=\/wp\/v2\/pages"}],"about":[{"href":"https:\/\/ornamentasacra.kikirpa.be\/index.php?rest_route=\/wp\/v2\/types\/page"}],"author":[{"embeddable":true,"href":"https:\/\/ornamentasacra.kikirpa.be\/index.php?rest_route=\/wp\/v2\/users\/1"}],"replies":[{"embeddable":true,"href":"https:\/\/ornamentasacra.kikirpa.be\/index.php?rest_route=%2Fwp%2Fv2%2Fcomments&post=170"}],"version-history":[{"count":9,"href":"https:\/\/ornamentasacra.kikirpa.be\/index.php?rest_route=\/wp\/v2\/pages\/170\/revisions"}],"predecessor-version":[{"id":1772,"href":"https:\/\/ornamentasacra.kikirpa.be\/index.php?rest_route=\/wp\/v2\/pages\/170\/revisions\/1772"}],"wp:attachment":[{"href":"https:\/\/ornamentasacra.kikirpa.be\/index.php?rest_route=%2Fwp%2Fv2%2Fmedia&parent=170"}],"curies":[{"name":"wp","href":"https:\/\/api.w.org\/{rel}","templated":true}]}}